st the prime factors of 1922.
2, 31
What are the prime factors of 102197?
102197
What are the prime factors of 2983?
19, 157
What are the prime factors of 17058?
2, 3, 2843
List the prime factors of 622.
2, 311
List the prime factors of 13102.
2, 6551
List the prime factors of 2226.
2, 3, 7, 53
What are the prime factors of 2358?
2, 3, 131
List the prime factors of 6450.
2, 3, 5, 43
List the prime factors of 2337.
3, 19, 41
What are the prime factors of 35254?
2, 17627
What are the prime factors of 1565?
5, 313
List the prime factors of 8314.
2, 4157
What are the prime factors of 12319?
97, 127
List the prime factors of 67594.
2, 33797
List the prime factors of 31527.
3, 31, 113
List the prime factors of 73933.
17, 4349
List the prime factors of 80.
2, 5
What are the prime factors of 6904?
2, 863
What are the prime factors of 17780?
2, 5, 7, 127
List the prime factors of 36270.
2, 3, 5, 13, 31
What are the prime factors of 3052?
2, 7, 109
What are the prime factors of 648?
2, 3
What are the prime factors of 46490?
2, 5, 4649
What are the prime factors of 40233?
3, 13411
List the prime factors of 35986.
2, 19, 947
List the prime factors of 10344.
2, 3, 431
What are the prime factors of 949?
13, 73
List the prime factors of 3800.
2, 5, 19
What are the prime factors of 4132?
2, 1033
List the prime factors of 8064.
2, 3, 7
What are the prime factors of 3442?
2, 1721
List the prime factors of 18056.
2, 37, 61
List the prime factors of 78440.
2, 5, 37, 53
What are the prime factors of 5693?
5693
What are the prime factors of 165?
3, 5, 11
List the prime factors of 5219.
17, 307
List the prime factors of 2227.
17, 131
List the prime factors of 47249.
37, 1277
What are the prime factors of 6165?
3, 5, 137
What are the prime factors of 7520?
2, 5, 47
What are the prime factors of 2373?
3, 7, 113
What are the prime factors of 14?
2, 7
List the prime factors of 10847.
10847
List the prime factors of 25891.
17, 1523
List the prime factors of 279.
3, 31
What are the prime factors of 1862?
2, 7, 19
What are the prime factors of 5005?
5, 7, 11, 13
List the prime factors of 12837.
3, 11, 389
What are the prime factors of 15264?
2, 3, 53
List the prime factors of 2721.
3, 907
List the prime factors of 873.
3, 97
List the prime factors of 1898.
2, 13, 73
What are the prime factors of 220?
2, 5, 11
List the prime factors of 13084.
2, 3271
What are the prime factors of 692?
2, 173
What are the prime factors of 8996?
2, 13, 173
What are the prime factors of 896?
2, 7
What are the prime factors of 2190?
2, 3, 5, 73
What are the prime factors of 9842?
2, 7, 19, 37
List the prime factors of 1660.
2, 5, 83
List the prime factors of 98440.
2, 5, 23, 107
List the prime factors of 71666.
2, 7, 5119
List the prime factors of 46829.
46829
What are the prime factors of 9206?
2, 4603
List the prime factors of 4940.
2, 5, 13, 19
List the prime factors of 44611.
7, 6373
What are the prime factors of 1777?
1777
What are the prime factors of 4038?
2, 3, 673
What are the prime factors of 12072?
2, 3, 503
What are the prime factors of 1482?
2, 3, 13, 19
List the prime factors of 37363.
37363
List the prime factors of 26692.
2, 6673
What are the prime factors of 10625?
5, 17
What are the prime factors of 5941?
13, 457
What are the prime factors of 210146?
2, 179, 587
List the prime factors of 4466.
2, 7, 11, 29
What are the prime factors of 19804?
2, 4951
What are the prime factors of 141?
3, 47
List the prime factors of 9349.
9349
What are the prime factors of 64?
2
List the prime factors of 2998.
2, 1499
List the prime factors of 11.
11
What are the prime factors of 145423?
145423
What are the prime factors of 176284?
2, 44071
List the prime factors of 10801.
7, 1543
What are the prime factors of 13749?
3, 4583
List the prime factors of 11449.
107
What are the prime factors of 261?
3, 29
What are the prime factors of 76?
2, 19
What are the prime factors of 81298?
2, 7, 5807
What are the prime factors of 89317?
89317
What are the prime factors of 1229?
1229
List the prime factors of 12461.
17, 733
List the prime factors of 22186.
2, 11093
List the prime factors of 1869.
3, 7, 89
List the prime factors of 74624.
2, 11, 53
What are the prime factors of 99972?
2, 3, 2777
What are the prime factors of 24081?
3, 23, 349
What are the prime factors of 12750?
2, 3, 5, 17
What are the prime factors of 35600?
2, 5, 89
What are the prime factors of 3256?
2, 11, 37
What are the prime factors of 43291?
43291
List the prime factors of 27874.
2, 7, 11, 181
List the prime factors of 3114.
2, 3, 173
What are the prime factors of 23387?
7, 13, 257
What are the prime factors of 418?
2, 11, 19
List the prime factors of 1650.
2, 3, 5, 11
What are the prime factors of 17709?
3, 5903
List the prime factors of 2580.
2, 3, 5, 43
List the prime factors of 5622.
2, 3, 937
List the prime factors of 22891.
11, 2081
List the prime factors of 2743.
13, 211
What are the prime factors of 60180?
2, 3, 5, 17, 59
What are the prime factors of 11551?
11551
List the prime factors of 7594.
2, 3797
List the prime factors of 73.
73
What are the prime factors of 9411?
3, 3137
What are the prime factors of 17940?
2, 3, 5, 13, 23
What are the prime factors of 129002?
2, 53, 1217
What are the prime factors of 1462?
2, 17, 43
List the prime factors of 4861.
4861
List the prime factors of 1373.
1373
What are the prime factors of 142760?
2, 5, 43, 83
List the prime factors of 202816.
2, 3169
List the prime factors of 14100.
2, 3, 5, 47
List the prime factors of 93.
3, 31
What are the prime factors of 1003?
17, 59
List the prime factors of 9849.
3, 7, 67
List the prime factors of 3266.
2, 23, 71
What are the prime factors of 1276?
2, 11, 29
List the prime factors of 31217.
19, 31, 53
What are the prime factors of 851?
23, 37
List the prime factors of 51152.
2, 23, 139
List the prime factors of 9936.
2, 3, 23
What are the prime factors of 975?
3, 5, 13
List the prime factors of 1234.
2, 617
What are the prime factors of 2125?
5, 17
What are the prime factors of 795?
3, 5, 53
List the prime factors of 2980.
2, 5, 149
List the prime factors of 466.
2, 233
What are the prime factors of 956?
2, 239
List the prime factors of 3508.
2, 877
List the prime factors of 57988.
2, 7, 19, 109
List the prime factors of 65308.
2, 29, 563
List the prime factors of 680.
2, 5, 17
What are the prime factors of 14987?
7, 2141
List the prime factors of 9056.
2, 283
List the prime factors of 2308.
2, 577
What are the prime factors of 71?
71
List the prime factors of 15636.
2, 3, 1303
What are the prime factors of 8849?
8849
List the prime factors of 4834.
2, 2417
List the prime factors of 51789.
3, 61, 283
What are the prime factors of 2026?
2, 1013
List the prime factors of 58811.
23, 2557
List the prime factors of 1178.
2, 19, 31
List the prime factors of 3003.
3, 7, 11, 13
What are the prime factors of 560?
2, 5, 7
What are the prime factors of 886?
2, 443
What are the prime factors of 5006?
2, 2503
List the prime factors of 2688.
2, 3, 7
List the prime factors of 1523.
1523
What are the prime factors of 1155?
3, 5, 7, 11
What are the prime factors of 1200?
2, 3, 5
What are the prime factors of 36842?
2, 13, 109
What are the prime factors of 1259?
1259
List the prime factors of 30.
2, 3, 5
List the prime factors of 62715.
3, 5, 37, 113
List the prime factors of 1674.
2, 3, 31
List the prime factors of 1090.
2, 5, 109
List the prime factors of 372.
2, 3, 31
What are the prime factors of 5793?
3, 1931
List the prime factors of 7540.
2, 5, 13, 29
List the prime factors of 3236.
2, 809
List the prime factors of 96192.
2, 3, 167
List the prime factors of 4211.
4211
List the prime factors of 2262.
2, 3, 13, 29
What are the prime factors of 735?
3, 5, 7
What are the prime factors of 40856?
2, 5107
List the prime factors of 1822.
2, 911
What are the prime factors of 387?
3, 43
What are the prime factors of 1361?
1361
What are the prime factors of 1330?
2, 5, 7, 19
What are the prime factors of 137100?
2, 3, 5, 457
List the prime factors of 11434.
2, 5717
List the prime factors of 477.
3, 53
What are the prime factors of 12692?
2, 19, 167
What are the prime factors of 16100?
2, 5, 7, 23
List the prime factors of 31725.
3, 5, 47
List the prime factors of